{"id":192,"date":"2017-12-14T12:50:41","date_gmt":"2017-12-14T10:50:41","guid":{"rendered":"http:\/\/coachingraum-ecker.de\/?page_id=192"},"modified":"2017-12-22T18:00:26","modified_gmt":"2017-12-22T16:00:26","slug":"pruefungsaengste-lampenfieber","status":"publish","type":"page","link":"http:\/\/coachingraum-ecker.de\/?page_id=192","title":{"rendered":"Pr\u00fcfungs\u00e4ngste \u2013 Lampenfieber"},"content":{"rendered":"<p>Sie haben mit \u00c4ngsten, Blockaden und Leistungsdruck sowie Herzrasen, Schwei\u00dfausbr\u00fcchen und Stimmversagen zu k\u00e4mpfen bei &#8230;<\/p>\n<ul>\n<li>Pr\u00fcfungen und Pr\u00e4sentationen<\/li>\n<li>Auftritten<\/li>\n<li>Vorstellungsrunden<\/li>\n<li>Bewerbungsgespr\u00e4chen<\/li>\n<li>Stress durch Herausforderungen am Arbeitsplatz<\/li>\n<\/ul>\n<p>Das geht ganz vielen so. Mit solchen Empfindungen und Gef\u00fchlen sind Sie\/bist du nicht alleine<\/p>\n<p>und<\/p>\n<p><strong>das l\u00e4sst sich \u00e4ndern!<\/strong><\/p>\n<p>In meinem Coaching-Raum nutze ich sowohl die <a href=\"http:\/\/coachingraum-ecker.de\/?page_id=11\">Methoden<\/a> des l\u00f6sungsorientierten Kurzzeitcoachings als auch PEP\u00ae Prozess- und Embodimentfokussierte Psychologie.<\/p>\n<p>Mit Hilfe dieser beiden <a href=\"http:\/\/coachingraum-ecker.de\/?page_id=11\">Methoden<\/a> lassen sich belastende und st\u00f6rende Denk- F\u00fchl- und Verhaltensmuster so aufl\u00f6sen, dass Sie in Ihre n\u00e4chste Pr\u00fcfungssituation entspannt, gelassen und voller Zuversicht gehen k\u00f6nnen.<\/p>\n","protected":false},"excerpt":{"rendered":"<p>Sie haben mit \u00c4ngsten, Blockaden und Leistungsdruck sowie Herzrasen, Schwei\u00dfausbr\u00fcchen und Stimmversagen zu k\u00e4mpfen bei &#8230; Pr\u00fcfungen und Pr\u00e4sentationen Auftritten Vorstellungsrunden Bewerbungsgespr\u00e4chen Stress durch Herausforderungen am Arbeitsplatz Das geht ganz vielen so. Mit solchen Empfindungen &hellip;<\/p>\n","protected":false},"author":1,"featured_media":0,"parent":10,"menu_order":1,"comment_status":"closed","ping_status":"closed","template":"","meta":[],"_links":{"self":[{"href":"http:\/\/coachingraum-ecker.de\/index.php?rest_route=\/wp\/v2\/pages\/192"}],"collection":[{"href":"http:\/\/coachingraum-ecker.de\/index.php?rest_route=\/wp\/v2\/pages"}],"about":[{"href":"http:\/\/coachingraum-ecker.de\/index.php?rest_route=\/wp\/v2\/types\/page"}],"author":[{"embeddable":true,"href":"http:\/\/coachingraum-ecker.de\/index.php?rest_route=\/wp\/v2\/users\/1"}],"replies":[{"embeddable":true,"href":"http:\/\/coachingraum-ecker.de\/index.php?rest_route=%2Fwp%2Fv2%2Fcomments&post=192"}],"version-history":[{"count":13,"href":"http:\/\/coachingraum-ecker.de\/index.php?rest_route=\/wp\/v2\/pages\/192\/revisions"}],"predecessor-version":[{"id":332,"href":"http:\/\/coachingraum-ecker.de\/index.php?rest_route=\/wp\/v2\/pages\/192\/revisions\/332"}],"up":[{"embeddable":true,"href":"http:\/\/coachingraum-ecker.de\/index.php?rest_route=\/wp\/v2\/pages\/10"}],"wp:attachment":[{"href":"http:\/\/coachingraum-ecker.de\/index.php?rest_route=%2Fwp%2Fv2%2Fmedia&parent=192"}],"curies":[{"name":"wp","href":"https:\/\/api.w.org\/{rel}","templated":true}]}}